{"id":32,"date":"2021-05-18T00:00:56","date_gmt":"2021-05-18T00:00:56","guid":{"rendered":"https:\/\/chmontenegrocompany.me\/?page_id=32"},"modified":"2025-09-11T23:31:26","modified_gmt":"2025-09-11T21:31:26","slug":"sirketimiz","status":"publish","type":"page","link":"https:\/\/chmontenegrocompany.me\/?page_id=32","title":{"rendered":"\u015eirketimiz Vizyon-Misyon"},"content":{"rendered":"\n<p><\/p>\n\n\n\n<p class=\"has-text-align-center has-black-color has-text-color has-link-color has-small-font-size wp-elements-e8874a9296e0f4b0e93a0c79351f6dde\">Temel misyonumuz <strong> D\u00dcR\u00dcSTL\u00dcK<\/strong> ve bu misyon ile hizmet \u00fcretmektir. <\/p>\n\n\n\n<p class=\"has-text-align-center has-black-color has-text-color has-link-color has-small-font-size wp-elements-5fb6aeb931132c7b3ef50026bde7dc15\">Ticaret hayat\u0131n\u0131n d\u00fcr\u00fcst ve ilkeli temeller \u00fczerinde in\u015fa edilebilece\u011fini inan\u0131yoruz. <\/p>\n\n\n\n<p class=\"has-text-align-center has-black-color has-text-color has-link-color has-small-font-size wp-elements-5656bd21aee2a96ad687c322ec07570d\">T\u00fcm m\u00fc\u015fterilerimize \u00e7al\u0131\u015fanlar\u0131m\u0131z ile d\u00fcr\u00fcst ve <\/p>\n\n\n\n<p class=\"has-text-align-center has-black-color has-text-color has-link-color has-small-font-size wp-elements-a3f5101f671015c5ba06c48157f2c85a\">\u015feffaf olarak bilgilerimizi payla\u015farak kaliteli hizmet \u00fcretmek temel amac\u0131m\u0131z.<\/p>\n\n\n\n<p class=\"has-text-align-center has-black-color has-text-color has-link-color has-small-font-size wp-elements-6b261609b3c4fef49dfdf3399aeebc84\">   Temel vizyonumuz \u00fcretti\u011fimiz hizmet ve                                                                          projeler ile <strong>D\u00dcNYA&#8217;da<\/strong> zirveye ko\u015fan bir \u015firket olabilmek. <\/p>\n\n\n\n<p class=\"has-text-align-center has-black-color has-text-color has-link-color has-small-font-size wp-elements-53105d734d833dff544be55a51cdb6be\">Hedeflerimize ula\u015fman\u0131n yolu ise <strong>D\u00dcR\u00dcST , \u015eEFFAF , G\u00dcVEN\u0130L\u0130R <\/strong>y\u00f6netim.<\/p>\n\n\n\n<div class=\"wp-block-group alignwide\"><div class=\"wp-block-group__inner-container is-layout-flow wp-block-group-is-layout-flow\">\n<div class=\"wp-block-columns is-layout-flex wp-container-core-columns-is-layout-9d6595d7 wp-block-columns-is-layout-flex\">\n<div class=\"wp-block-column is-layout-flow wp-block-column-is-layout-flow\"><div class=\"wp-block-image wp-block-image aligncenter size-large is-resized is-style-rounded\">\n<figure class=\"\"><img loading=\"lazy\" decoding=\"async\" width=\"1024\" height=\"645\" src=\"https:\/\/chmontenegrocompany.me\/wp-content\/uploads\/2021\/08\/25-1024x645.jpg\" alt=\"\" class=\"wp-image-732\" style=\"width:478px;height:auto\" srcset=\"https:\/\/chmontenegrocompany.me\/wp-content\/uploads\/2021\/08\/25-1024x645.jpg 1024w, https:\/\/chmontenegrocompany.me\/wp-content\/uploads\/2021\/08\/25-600x378.jpg 600w, https:\/\/chmontenegrocompany.me\/wp-content\/uploads\/2021\/08\/25-300x189.jpg 300w, https:\/\/chmontenegrocompany.me\/wp-content\/uploads\/2021\/08\/25-768x484.jpg 768w, https:\/\/chmontenegrocompany.me\/wp-content\/uploads\/2021\/08\/25-1140x718.jpg 1140w, https:\/\/chmontenegrocompany.me\/wp-content\/uploads\/2021\/08\/25.jpg 1200w\" sizes=\"auto, (max-width: 1024px) 100vw, 1024px\" \/><\/figure><\/div><\/div>\n<\/div>\n<\/div><\/div>\n","protected":false},"excerpt":{"rendered":"<p>Temel misyonumuz D\u00dcR\u00dcSTL\u00dcK ve bu misyon ile hizmet \u00fcretmektir. Ticaret hayat\u0131n\u0131n d\u00fcr\u00fcst ve ilkeli temeller \u00fczerinde in\u015fa edilebilece\u011fini inan\u0131yoruz. T\u00fcm m\u00fc\u015fterilerimize \u00e7al\u0131\u015fanlar\u0131m\u0131z ile d\u00fcr\u00fcst ve \u015feffaf olarak bilgilerimizi payla\u015farak kaliteli hizmet \u00fcretmek temel amac\u0131m\u0131z. Temel vizyonumuz \u00fcretti\u011fimiz hizmet ve projeler ile D\u00dcNYA&#8217;da zirveye ko\u015fan bir \u015firket olabilmek. Hedeflerimize ula\u015fman\u0131n yolu ise D\u00dcR\u00dcST , \u015eEFFAF , [&hellip;]<\/p>\n","protected":false},"author":1,"featured_media":0,"parent":0,"menu_order":0,"comment_status":"closed","ping_status":"closed","template":"","meta":{"footnotes":""},"class_list":["post-32","page","type-page","status-publish","hentry"],"_links":{"self":[{"href":"https:\/\/chmontenegrocompany.me\/index.php?rest_route=\/wp\/v2\/pages\/32","targetHints":{"allow":["GET"]}}],"collection":[{"href":"https:\/\/chmontenegrocompany.me\/index.php?rest_route=\/wp\/v2\/pages"}],"about":[{"href":"https:\/\/chmontenegrocompany.me\/index.php?rest_route=\/wp\/v2\/types\/page"}],"author":[{"embeddable":true,"href":"https:\/\/chmontenegrocompany.me\/index.php?rest_route=\/wp\/v2\/users\/1"}],"replies":[{"embeddable":true,"href":"https:\/\/chmontenegrocompany.me\/index.php?rest_route=%2Fwp%2Fv2%2Fcomments&post=32"}],"version-history":[{"count":5,"href":"https:\/\/chmontenegrocompany.me\/index.php?rest_route=\/wp\/v2\/pages\/32\/revisions"}],"predecessor-version":[{"id":2947,"href":"https:\/\/chmontenegrocompany.me\/index.php?rest_route=\/wp\/v2\/pages\/32\/revisions\/2947"}],"wp:attachment":[{"href":"https:\/\/chmontenegrocompany.me\/index.php?rest_route=%2Fwp%2Fv2%2Fmedia&parent=32"}],"curies":[{"name":"wp","href":"https:\/\/api.w.org\/{rel}","templated":true}]}}