{"id":33,"date":"2021-05-18T00:00:56","date_gmt":"2021-05-17T22:00:56","guid":{"rendered":"https:\/\/chmontenegrocompany.me\/?page_id=33"},"modified":"2025-09-11T23:29:58","modified_gmt":"2025-09-11T21:29:58","slug":"sirket-kurulumu-ve-oturma-izinleri","status":"publish","type":"page","link":"https:\/\/chmontenegrocompany.me\/?page_id=33","title":{"rendered":"\u015eirket Kurulumu ve Oturma \u0130zni"},"content":{"rendered":"\n<p class=\"has-text-align-center has-small-font-size\" style=\"letter-spacing:0px\">\u015eirket kurulumu ve konut alarak <\/p>\n\n\n\n<p class=\"has-text-align-center has-small-font-size\" style=\"letter-spacing:0px\">oturum izinleri i\u00e7in \u00f6nce <strong>misafirimiz<\/strong> olman\u0131z\u0131 istiyoruz. <\/p>\n\n\n\n<p class=\"has-text-align-center has-small-font-size\" style=\"letter-spacing:0px\">Tan\u0131mad\u0131\u011f\u0131n\u0131z bir \u00fclkede yat\u0131r\u0131m yapmadan \u00f6nce <\/p>\n\n\n\n<p class=\"has-text-align-center has-small-font-size\" style=\"letter-spacing:0px\"><strong>g\u00f6rerek yerinde analiz yapman\u0131n<\/strong> en faydal\u0131 y\u00f6ntem oldu\u011fu kan\u0131s\u0131nday\u0131z. <\/p>\n\n\n\n<p class=\"has-text-align-center has-small-font-size\" style=\"letter-spacing:0px\">Sizlerle  her t\u00fcrl\u00fc bilgi ve tecr\u00fcbeyi  payla\u015fmaya  haz\u0131r\u0131z. <\/p>\n\n\n\n<p class=\"has-text-align-center has-small-font-size\" style=\"letter-spacing:0px\">\u015eirket kurulumu ve oturum izinlerini <strong>5 (be\u015f) i\u015f <\/strong>g\u00fcn\u00fc gibi k\u0131sa s\u00fcrede tamaml\u0131yoruz. <\/p>\n\n\n\n<p class=\"has-text-align-center has-small-font-size\" style=\"letter-spacing:0px\">Maliyetleri di\u011fer firmalardan farkl\u0131 olarak se\u00e7enekler sunarak ve y\u00fcz y\u00fcze g\u00f6r\u00fc\u015ferek veriyoruz.<\/p>\n\n\n\n<p class=\"has-text-align-center has-small-font-size\" style=\"letter-spacing:0px\"> \u00c7\u00fcnk\u00fc t\u00fcm m\u00fc\u015fterilerimizin maddi konular\u0131 d\u00fc\u015f\u00fcnmeden mutlu, <\/p>\n\n\n\n<p class=\"has-text-align-center has-small-font-size\" style=\"letter-spacing:0px\">sa\u011fl\u0131kl\u0131 ve yerinde karar vermesi bizim ilk \u00f6nceli\u011fimiz.<\/p>\n\n\n\n<p><\/p>\n\n\n\n<p><\/p>\n\n\n<div class=\"wp-block-image is-style-rounded\">\n<figure class=\"aligncenter size-full is-resized\"><img loading=\"lazy\" decoding=\"async\" width=\"981\" height=\"621\" src=\"https:\/\/chmontenegrocompany.me\/wp-content\/uploads\/2021\/08\/16.png\" alt=\"\" class=\"wp-image-723\" style=\"width:478px\" srcset=\"https:\/\/chmontenegrocompany.me\/wp-content\/uploads\/2021\/08\/16.png 981w, https:\/\/chmontenegrocompany.me\/wp-content\/uploads\/2021\/08\/16-600x380.png 600w, https:\/\/chmontenegrocompany.me\/wp-content\/uploads\/2021\/08\/16-300x190.png 300w, https:\/\/chmontenegrocompany.me\/wp-content\/uploads\/2021\/08\/16-768x486.png 768w\" sizes=\"auto, (max-width: 981px) 100vw, 981px\" \/><\/figure><\/div>","protected":false},"excerpt":{"rendered":"<p>\u015eirket kurulumu ve konut alarak oturum izinleri i\u00e7in \u00f6nce misafirimiz olman\u0131z\u0131 istiyoruz. Tan\u0131mad\u0131\u011f\u0131n\u0131z bir \u00fclkede yat\u0131r\u0131m yapmadan \u00f6nce g\u00f6rerek yerinde analiz yapman\u0131n en faydal\u0131 y\u00f6ntem oldu\u011fu kan\u0131s\u0131nday\u0131z. Sizlerle her t\u00fcrl\u00fc bilgi ve tecr\u00fcbeyi payla\u015fmaya haz\u0131r\u0131z. \u015eirket kurulumu ve oturum izinlerini 5 (be\u015f) i\u015f g\u00fcn\u00fc gibi k\u0131sa s\u00fcrede tamaml\u0131yoruz. Maliyetleri di\u011fer firmalardan farkl\u0131 olarak se\u00e7enekler sunarak [&hellip;]<\/p>\n","protected":false},"author":1,"featured_media":0,"parent":0,"menu_order":0,"comment_status":"closed","ping_status":"closed","template":"","meta":{"footnotes":""},"class_list":["post-33","page","type-page","status-publish","hentry"],"_links":{"self":[{"href":"https:\/\/chmontenegrocompany.me\/index.php?rest_route=\/wp\/v2\/pages\/33","targetHints":{"allow":["GET"]}}],"collection":[{"href":"https:\/\/chmontenegrocompany.me\/index.php?rest_route=\/wp\/v2\/pages"}],"about":[{"href":"https:\/\/chmontenegrocompany.me\/index.php?rest_route=\/wp\/v2\/types\/page"}],"author":[{"embeddable":true,"href":"https:\/\/chmontenegrocompany.me\/index.php?rest_route=\/wp\/v2\/users\/1"}],"replies":[{"embeddable":true,"href":"https:\/\/chmontenegrocompany.me\/index.php?rest_route=%2Fwp%2Fv2%2Fcomments&post=33"}],"version-history":[{"count":5,"href":"https:\/\/chmontenegrocompany.me\/index.php?rest_route=\/wp\/v2\/pages\/33\/revisions"}],"predecessor-version":[{"id":2946,"href":"https:\/\/chmontenegrocompany.me\/index.php?rest_route=\/wp\/v2\/pages\/33\/revisions\/2946"}],"wp:attachment":[{"href":"https:\/\/chmontenegrocompany.me\/index.php?rest_route=%2Fwp%2Fv2%2Fmedia&parent=33"}],"curies":[{"name":"wp","href":"https:\/\/api.w.org\/{rel}","templated":true}]}}